b + 6. Suppose 0 = 5*t - 2*p - 25, p = -t + 3 + 9. Let m(x) = -x**2 + 8 + 4 - x**3 + x - t. Give m(b).
5
Let g(b) be the third derivative of -b**5/60 - b**4/3 + b**3/3 + 8*b**2. Give g(-8).
2
Suppose 0 = -2*q - q - 12. Let h(r) = -6 + r**2 + 3*r**2 - 5*r**2 - 4*r. Give h(q).
-6
Let c(d) = -2*d - 8. Let z be c(-8). Let p = z + -6. Let v = p - -3. Let g(r) = r**3 - 6*r**2 + 3*r. Calculate g(v).
-10
Let i(z) be the third derivative of -z**5/60 + z**4/12 + 5*z**3/6 + 8*z**2. Determine i(4).
-3
Suppose 2*p + 2 = 0, -3*p - 10 = 4*t - p. Let i(g) = -g**2 + 4*g - 1. Let s(z) = 3*z**2 - 9*z + 2. Let h(x) = -5*i(x) - 2*s(x). What is h(t)?
1
Let j(d) = 5*d**2 + 8*d + 9. Let h(s) = 4*s**2 + 7*s + 8. Let a(f) = -6*h(f) + 5*j(f). Determine a(5).
12
Let k(a) = 3*a + 9. Let d(o) be the third derivative of -o**3/6 + o**2. Let m(y) = -6*d(y) - k(y). Suppose -3*s - 2 = 7. Calculate m(s).
6
Let x = 8 + -8. Let k(f) = -f - 5. Let l be k(x). Let w(i) = -i**2 - 5*i - 4. Calculate w(l).
-4
Let k(d) = -d + 1. Let w be k(2). Let s = 4 - 1. Let p(o) = -4*o**3 + 8*o**3 - 1 + 2*o**2 + 4*o**s. Calculate p(w).
-7
Let q(g) = g**3 - 5*g**2 + 5*g - 1. Let c be q(4). Let z(a) = c*a - a - 3*a. Calculate z(-5).
5
Let p(h) = 2*h**2 + h - 1. Let n(k) = k**3 - 13*k**2 + 13*k - 14. Let m be n(12). Calculate p(m).
5
Let b be (-2)/9 - (-40)/18. Let c(o) = b + 2*o - o - 2*o + 2*o. What is c(3)?
5
Let c = -61 + 65. Let w(l) = 5*l**2 + 17*l - 8. Let z(o) = 2*o**2 + 6*o - 3. Let k(r) = 3*w(r) - 8*z(r). What is k(c)?
-4
Let u be (1 - (-6)/(-9))*9. Suppose 2*j + 3*g = -1, -4*g = -u*j + 35 - 11. Let l(y) = -y**3 + 5*y**2 - 6*y + 5. What is l(j)?
-3
Let s(g) = g**3 - 4*g**2 + 2. Let b be s(4). Let p(y) = 2 + 3*y + y - b*y + 4*y. Give p(-2).
-10
Suppose 4*d + 1 - 5 = 0. Let b be d/(-3) - 64/(-12). Let h(t) be the first derivative of -t**2/2 - 3*t - 1. Determine h(b).
-8
Let d = 42 - 30. Suppose d = -2*z + 2. Let m(r) = 4*r**3 - 15*r**2 + 10*r - 16. Let w(n) = -n**3 + 5*n**2 - 3*n + 5. Let t(s) = 2*m(s) + 7*w(s). Determine t(z).
8
Suppose -3*l + 752 = l + 5*v, -595 = -3*l + 4*v. Let r(z) = z + 193*z**2 - l*z**2 - 6*z**3. Determine r(-1).
5
Let z(w) = 3*w + 4. Let t = -11 + 7. Calculate z(t).
-8
Let l(z) = -z**3 + 4*z**2 + 6*z + 2. Suppose t + 3*w = 20, -7*w = -5*t - 3*w + 5. What is l(t)?
7
Suppose 0 = d + d + 12. Let m(a) = a**3 + 6*a**2 - a + 5. Determine m(d).
11
Let p be (0/3*1)/(-1). Suppose p = t - v + 3, -v = 2*v - 9. Suppose 6*m - 2*m - 20 = t. Let w(x) = -x**3 + 5*x**2 + 1. Calculate w(m).
1
Let n(s) = -s - 8. Let z(x) = 2*x + 17. Let m(k) = -7*n(k) - 3*z(k). Give m(7).
12
Suppose 0 = -w - 2*g, -5*w + 8*w + 2*g + 4 = 0. Suppose -4*m - 4 = -12, 4*m = -u + 8. Let l(k) = -k**2 + 2 + u*k**2 - 2*k - 1. Determine l(w).
1
Let q(i) = 6*i**2 + 6*i + 1. Let d(j) = 7*j**2 + 6*j + 1. Let l(b) = -5*d(b) + 6*q(b). Let s = -12 - -8. Calculate l(s).
-7
Let o(s) = 1 - s**3 + 2*s**2 + 6*s**2 - 3*s**2. Let w be o(5). Let c(l) be the first derivative of -l**4/2 - 2. Give c(w).
-2
Let m(f) = f - 2. Let z(x) = -x - 1. Let p be z(-5). Let u be m(p). Let i(b) = -2*b**2 + 3*b - 2. What is i(u)?
-4
Let q = 15 + -11. Let x(v) = q - 9*v + v + 4*v + 3*v. Determine x(4).
0
Let q(s) = -s + 2. Let m(b) = -2*b. Let w be m(3). Let y = -6 - w. Give q(y).
2
Let y(a) be the third derivative of a**5/60 - a**3/3 + a**2. Suppose 2*n - 18 = 5*n. Let q be (-2)/n - 7/3. Give y(q).
2
Let z(f) be the second derivative of -f**5/20 - f**4/12 - 9*f**2/2 + 12*f. Determine z(0).
-9
Suppose -4*z - 27 - 8 = 5*c, -4*c = -2*z + 2. Let l = 1 - c. Suppose -5*b + 5 = -l*w, 2*b + 2 = 4*b + 2*w. Let x(p) = p**3 + p**2 - p + 1. Give x(b).
2
Let i(o) = o**2 + 4*o - 1. Let n(v) be the first derivative of v - 3. Let p(y) = i(y) - 3*n(y). Give p(-5).
1
Let z = 1 - -1. Let v(q) = -q**2 + 4*q + 1. Let o(j) be the first derivative of j**2/2 - 1. Let n(l) = 4*o(l) - v(l). Calculate n(z).
3
Let z(o) be the second derivative of o**3/6 - 2*o. Let u be (-46)/(-10) + 6/15. Let c = u + -7. What is z(c)?
-2
Let r(c) = 120*c - 59*c + 2 - 66*c. Give r(2).
-8
Suppose 4*f + u = 21, 4*f - u - 19 = -0*f. Let s(j) = -3*j**3 + 3*j**2 - j - 4. Let t(c) = -4*c**3 + 2*c**2 - 5. Let m(i) = 3*s(i) - 2*t(i). Calculate m(f).
-17
Suppose -5*d - 15*c + 6 = -12*c, 2*c = 4*d + 4. Let b(g) = g - 19. Determine b(d).
-19
Let c be -2*(1 - 0)/((-7)/(-14)). Let h(t) = t**2 + 4*t - 2. Determine h(c).
-2
Let y(u) = 2*u**2 - 4*u + 3. Let l = -13 + 15. Calculate y(l).
3
Suppose -4*m + 0*m + 28 = 0. Let x = m + -5. Let n(j) = 20*j - 3. Let k(h) = 12*h - 2. Let p(a) = -7*k(a) + 4*n(a). What is p(x)?
-6
Let n = 18 - 27. Let o(g) be the third derivative of g**4/6 - 17*g**3/6 - 2*g**2. Let b(t) = -t + 4. Let f(x) = n*b(x) - 2*o(x). What is f(3)?
1
Let a(k) = k**2 - k + 1. Let y be a(2). Let c(t) be the third derivative of 1/12*t**4 + 0 + 2/3*t**y - t**2 + 0*t. What is c(-4)?
-4
Let j(c) = 6*c**3 - c**2 + c - 1. Let a(d) = -d - 3*d + 3*d + 2*d - 3. Let h be a(4). Give j(h).
5
Let l(o) = 3*o + 1. Let f(r) = -r. Let q(s) = -2*f(s) - l(s). Determine q(6).
-7
Let l(j) = 3*j + 5. Let y(v) = 7*v + 9. Let g(n) = -11*l(n) + 6*y(n). Suppose -1 + 2 = 4*m - 5*w, -2*m - 2*w = 4. Calculate g(m).
-10
Let g(i) = i**2 + 1. Let p be (-10)/45 + 76/18. Let l be -2 + 1 - (2 - p). Calculate g(l).
2
Let w = 93 - 97. Let i(z) = z + 7. Give i(w).
3
Let r(c) = 4*c + 2*c**3 - 4*c**2 - 4*c**3 - 4 + 1 + c**3. Let t be r(-5). Let a(n) = -n + 8*n**2 + 5*n**2 - 14*n**t. Determine a(-3).
-6
Let q(w) be the first derivative of 0*w**3 + 1/4*w**4 - 3 + w**2 - 3*w. Determine q(2).
9
Suppose n = -2*n + 9. Let j(z) be the second derivative of z + 0 + 1/12*z**4 - 5/6*z**n + z**2. Determine j(4).
-2
Suppose -4*w + 1 = -5*s + 16, 2*w - 2*s + 8 = 0. Let d be (2/3)/((-9)/(-27)). Let k(p) = 0 - 1 + d*p + p - 4*p. Calculate k(w).
4
Let n(j) be the second derivative of j**3 - j**2/2 + 11*j. What is n(-5)?
-31
Let a be (-2)/12 + 231/(-126). Let c(f) = 9*f + 1. Give c(a).
-17
Let l(p) = 3*p**2 - 14*p - 11. Let w(y) = 4 + 0*y**2 - 40*y - 2*y**2 + y**2 + 45*y. Let j(t) = 3*l(t) + 8*w(t). Give j(4).
7
Let x be (4 - 6 - 0)/(-2). Let l(m) = 8*m + 1. What is l(x)?
9
Let z(n) = n**2 - 4*n - 1. Let f(b) = b**2 - 3*b**2 - 4*b + 3*b**2 + 0*b**2. Let d(u) = 3*f(u) - 4*z(u). What is d(5)?
-1
Suppose -3*r = -5*r. Let x(l) = -l**3 + 2. Let q be x(0). Let j(s) = q*s**3 - 2 - 1 + s**2 - s**3. Give j(r).
-3
Let k(h) = 2*h - 7. Let i be k(6). Let u(v) = -2*v - v**2 + 0*v + 2 - i. Let m be 4 + -2 + -4 + 0. What is u(m)?
-3
Let i(l) be the second derivative of -2*l**3/3 - l**2 + 22*l - 1. Give i(-4).
14
Let x(t) = -12*t. Let v be 2 - 4 - -3*1. Give x(v).
-12
Let m(n) = -n**2. Let j(h) = 13*h - 10*h - 6*h**2 + 2 + 0. Let w(v) = j(v) - 5*m(v). Determine w(4).
-2
Let m be ((-6)/(-9))/(1/6). Let i(p) be the second derivative of -p**4/12 + 2*p**3/3 - p**2/2 - 127*p - 2. Give i(m).
-1
Let l be (-4)/16*(0 - 0). Let b(z) = l*z**2 - 7*z + 2 + 5 - 4 + z**2. What is b(5)?
-7
Let l(c) be the first derivative of -c**4/4 - 2*c**3/3 - c**2/2 - 4*c - 9. Give l(-3).
8
Let g(m) = m**3 + 3*m**2 + 4*m + 1. Let c(q) = 2*q**3 - 2*q**2 - 2*q - 1. Let d be c(-1). Calculate g(d).
-11
Suppose -5*j + j = 0. Suppose -q - 22 = 4*q - 3*y, j = -5*q - 4*y - 29. Let c(k) = -1. Let a(x) = -x**2 - 4*x + 5. Let g(z) = -a(z) + 2*c(z). Calculate g(q).
-2
Let i(d) = -2 + 1 - d + 0. Determine i(5).
-6
Let l(j) = j**2 - 4*j - 7 + 0*j + 0*j**2. What is l(6)?
5
Let g(y) be the third derivative of -23*y**6/120 + y**5/60 - y**4/24 - y**3/6 + 11*y**2. Determine g(-1).
24
Suppose 3*q - 2*q = 3. Let g(i) = i**q + 6 - 9*i + 13*i - 7*i**2 + 2. Determine g(6).
-4
Let a(l) = -5*l**3 + 5*l**2 - 8*l + 18. Let x(v) = 7*v - 2*v**2 - 7 - 2*v - 5 - v**2 + 3*v**3. Let s(k) = -5*a(k) - 8*x(k). Give s(0).
6
Let v(h) = 2*h**2 + 13*h - 13. Let a be v(-7). Let s(d) be the first derivative of d**4/4 + 7*d**3/3 + 3*d**2 + 4*d - 1. Give s(a).
4
Let v(x) = -2*x + 2. Let k(l) = l**2 + 12*l + 40. Let w be k(-6). Give v(w).
-6
Let a(j) = 4*j + 8*j**2 + 4*j**2 + 14*j**3 - 6 + 11*j + 2*j. Let t(n) = -5*n**3 - 4*n**2 - 6*n + 2. Let y(s) = 6*a(s) + 17*t(s). Give y(4).
-2
Let t = -123 - -123. Let b(i) = -i**3 + 0*i + 0*i + 6. Determine b(t).
6
Suppose -118*j + 18 = -121*j. Let c(z) = z - 1. Determine c(j).
-7
Suppose 3*y - 4 = y. 